
What are the prime factors of 1617762838?
2, 31, 67, 389447
What are the prime factors of 886972568?
2, 5233, 21187
What are the prime factors of 3875973?
3, 1291991
List the prime factors of 2361305052.
2, 3, 1559, 42073
What are the prime factors of 128015790?
2, 3, 5, 7, 609599
List the prime factors of 268254133.
7, 1783, 21493
What are the prime factors of 13343404?
2, 23, 145037
What are the prime factors of 312934378?
2, 233, 671533
What are the prime factors of 484753858?
2, 242376929
What are the prime factors of 9169980?
2, 3, 5, 152833
What are the prime factors of 777633039?
3, 59, 463, 3163
What are the prime factors of 114922487?
31, 67, 55331
What are the prime factors of 94473704?
2, 13, 69877
What are the prime factors of 177450652?
2, 19, 29, 80513
What are the prime factors of 1166260973?
97, 12023309
What are the prime factors of 2249128167?
3, 11, 13, 89, 58907
List the prime factors of 55756771.
7, 7965253
List the prime factors of 434174648.
2, 691, 78541
What are the prime factors of 65188373?
19, 3430967
What are the prime factors of 1709187644?
2, 6991, 61121
List the prime factors of 168263008.
2, 17, 47, 6581
List the prime factors of 23661044.
2, 11, 181, 2971
What are the prime factors of 863697011?
43, 557, 36061
List the prime factors of 245845999.
7, 35120857
List the prime factors of 891423567.
3, 919, 107777
What are the prime factors of 1148529113?
389, 1291, 2287
What are the prime factors of 313804465?
5, 13, 293, 16477
What are the prime factors of 81895920?
2, 3, 5, 341233
List the prime factors of 1076196599.
1076196599
What are the prime factors of 50142768?
2, 3, 13, 107, 751
List the prime factors of 402346199.
23, 17493313
List the prime factors of 106141244.
2, 11, 2412301
What are the prime factors of 1257011076?
2, 3, 17, 6161819
List the prime factors of 1719599714.
2, 7, 307, 400093
What are the prime factors of 3615834146?
2, 1807917073
What are the prime factors of 285693623?
285693623
List the prime factors of 73474201.
4759, 15439
What are the prime factors of 641200897?
641200897
List the prime factors of 121498310.
2, 5, 293, 41467
List the prime factors of 9832064.
2, 11, 6983
List the prime factors of 519083499.
3, 11, 29, 31, 17497
List the prime factors of 1295326406.
2, 11, 19, 3098867
List the prime factors of 4416980.
2, 5, 269, 821
What are the prime factors of 70756067?
70756067
List the prime factors of 1880112800.
2, 5, 31, 47, 1613
What are the prime factors of 71986898?
2, 31, 41, 28319
What are the prime factors of 52331748?
2, 3, 7, 622997
What are the prime factors of 47408432?
2, 2963027
What are the prime factors of 10492970?
2, 5, 1049297
What are the prime factors of 1212037047?
3, 13, 3453097
What are the prime factors of 71566211?
421, 169991
What are the prime factors of 670839506?
2, 335419753
What are the prime factors of 4169214697?
4169214697
List the prime factors of 276733294.
2, 43, 3217829
List the prime factors of 4014447404.
2, 11, 101, 233, 3877
List the prime factors of 1180657807.
7, 109, 1547389
List the prime factors of 437233370.
2, 5, 7, 17, 52489
What are the prime factors of 36437048?
2, 4554631
List the prime factors of 2551079053.
2551079053
List the prime factors of 138115523.
7, 13, 1517753
List the prime factors of 6882136774.
2, 23, 47, 59, 163, 331
What are the prime factors of 97652932?
2, 13, 19, 7603
List the prime factors of 262380807.
3, 13, 31, 72341
What are the prime factors of 70938376?
2, 419, 21163
What are the prime factors of 1072257082?
2, 13, 17, 2425921
What are the prime factors of 25686792?
2, 3, 356761
List the prime factors of 332543187.
3, 19, 1117, 1741
List the prime factors of 49707616.
2, 7, 221909
What are the prime factors of 23132700?
2, 3, 5, 25703
List the prime factors of 2747382076.
2, 107, 6419117
List the prime factors of 2795525929.
7, 12589, 31723
What are the prime factors of 1852088412?
2, 3, 154340701
What are the prime factors of 160924481?
4093, 39317
List the prime factors of 240257868.
2, 3, 41, 488329
List the prime factors of 1020551743.
587, 1738589
What are the prime factors of 50728926?
2, 3, 1447, 5843
What are the prime factors of 44526807?
3, 13, 126857
List the prime factors of 329572372.
2, 3533, 23321
List the prime factors of 898984420.
2, 5, 44949221
List the prime factors of 9024942940.
2, 5, 13, 34711319
List the prime factors of 280883857.
280883857
List the prime factors of 44801728.
2, 700027
List the prime factors of 1770231939.
3, 7, 84296759
List the prime factors of 2156557275.
3, 5, 9584699
What are the prime factors of 2991740209?
19, 47, 176327
What are the prime factors of 1527707942?
2, 211, 3620161
What are the prime factors of 45701487?
3, 13, 30047
What are the prime factors of 12243068?
2, 19, 161093
List the prime factors of 387804601.
79, 157, 31267
List the prime factors of 22908868.
2, 139, 41203
What are the prime factors of 443283035?
5, 13, 61, 111799
List the prime factors of 1160420199.
3, 10181, 37993
What are the prime factors of 149063219?
29, 347, 14813
List the prime factors of 3904794675.
3, 5, 613, 9437
List the prime factors of 4271686.
2, 97, 227
What are the prime factors of 83740894?
2, 191, 219217
List the prime factors of 13536831.
3, 7, 11, 58601
List the prime factors of 214673027.
1097, 195691
List the prime factors of 243433743.
3, 7, 29, 399727
List the prime factors of 291322803.
3, 3049, 31849
List the prime factors of 2593315115.
5, 71, 2213, 3301
What are the prime factors of 44444671?
23, 43, 44939
What are the prime factors of 2892504037?
28631, 101027
List the prime factors of 763303861.
14029, 54409
List the prime factors of 371068314.
2, 3, 61844719
List the prime factors of 5582805004.
2, 7, 31, 918829
List the prime factors of 544814932.
2, 1699, 80167
List the prime factors of 82757058.
2, 3, 59, 233777
What are the prime factors of 5545168451?
41, 135248011
List the prime factors of 37044181.
2683, 13807
List the prime factors of 377830076.
2, 13, 7265963
What are the prime factors of 336677966?
2, 168338983
What are the prime factors of 39648111?
3, 367, 36011
List the prime factors of 12105685.
5, 2421137
List the prime factors of 1729342882.
2, 71, 613, 19867
What are the prime factors of 1793296696?
2, 224162087
What are the prime factors of 1024246330?
2, 5, 102424633
List the prime factors of 56673114.
2, 3, 239, 39521
List the prime factors of 98785404.
2, 3, 2744039
What are the prime factors of 27215320?
2, 5, 11, 5623
List the prime factors of 407038335.
3, 5, 11, 281, 8779
List the prime factors of 1866795792.
2, 3, 1283, 30313
What are the prime factors of 44260664?
2, 7, 790369
What are the prime factors of 567779151?
3, 189259717
List the prime factors of 460316082.
2, 3, 76719347
List the prime factors of 59031730.
2, 5, 5903173
List the prime factors of 6485630.
2, 5, 648563
List the prime factors of 1373358246.
2, 3, 13, 17607157
List the prime factors of 640673544.
2, 3, 7, 41, 47, 1979
List the prime factors of 468280878.
2, 3, 13, 17, 19, 18587
List the prime factors of 71849022.
2, 3, 7, 1710691
List the prime factors of 160507397.
47, 3415051
List the prime factors of 1191623916.
2, 3, 7, 2383, 5953
List the prime factors of 2961980940.
2, 3, 5, 23, 659, 3257
What are the prime factors of 96536400?
2, 3, 5, 80447
What are the prime factors of 40558205?
5, 79, 102679
List the prime factors of 927614838.
2, 3, 154602473
What are the prime factors of 2488969133?
7, 17, 20915707
List the prime factors of 23225336.
2, 137, 21191
What are the prime factors of 2328616176?
2, 3, 107, 131, 3461
What are the prime factors of 1461339889?
1423, 1026943
List the prime factors of 453667173.
3, 41, 1511, 2441
What are the prime factors of 90881533?
23, 3951371
What are the prime factors of 21511024?
2, 31, 1399
List the prime factors of 1446367660.
2, 5, 41, 47, 37529
List the prime factors of 35649982.
2, 443, 40237
What are the prime factors of 63216497?
63216497
List the prime factors of 4670224236.
2, 3, 137, 439, 719
List the prime factors of 67292459.
13, 5176343
What are the prime factors of 21382002?
2, 3, 31, 53, 241
What are the prime factors of 224880610?
2, 5, 79, 284659
What are the prime factors of 125